 t be ((-25)/(-10))/5*2. Let f be (-9)/3 + t + 8. Calculate r(f).
-16
Let c = -1960 - -1957. Let h(b) = 2*b + 11. What is h(c)?
5
Let r(d) = -14*d - 138. Let y = 22813 + -22825. Calculate r(y).
30
Let k be 6 + (-1 - 8 - -11). Let s(j) = -8 - 3*j + 3 + 14 + k. Give s(8).
-7
Let k be 4/42 - (-466)/(-42). Let n(g) = -2*g + 7. Let i(f) = 10*f - 36. Let u(m) = k*n(m) - 2*i(m). Calculate u(7).
9
Let u(k) = -k - 61. Suppose 0 = -5992*o + 6044*o. Determine u(o).
-61
Let y(n) = n**3 - 5*n**2 + 5*n - 3. Let i be 13/(-11) + (-16)/(-88). Let a(z) = -3*z - 4. Let t be a(i). Let x be t + 9 - (4 + 0). Calculate y(x).
1
Let t be 6/(-8) - (-6875)/2500. Let p(y) = -11*y**2 + 2*y + 11. Let r(u) = -5*u**2 + u + 5. Let x(z) = 3*p(z) - 7*r(z). Calculate x(t).
4
Let u(q) be the first derivative of q**5/60 + q**4/24 + q**3/6 + 87*q**2/2 + 96. Let f(m) be the second derivative of u(m). Calculate f(0).
1
Let g be (-100)/40 + (-13)/(-2). Let a(r) = r + 5. Let q be a(0). Let m(s) = 4 + g*s - q*s - 1 + 0. What is m(5)?
-2
Let i be ((-56)/(-42))/((-4)/234*-3). Let s(l) = -l**2 + 25*l + 35. Let j be s(i). Let p(c) = 3*c - 21. Give p(j).
6
Let b(h) = h - 19. Let t = -328 - -43. Let k = t + 298. Determine b(k).
-6
Let l(j) be the second derivative of -j**5/20 + 2*j**3/3 - 3*j**2/2 - j. Let u(g) = 119*g**3 + g**2 - g. Let t be u(1). Let i be 3/(-4) + 1 + t/68. Give l(i).
-3
Let a = -3 - -9. Suppose -16*h + 113942 + 13962 = 0. Let l(n) = 7999 - 2*n + 0*n - h. What is l(a)?
-7
Let r(w) = w**2 - 3*w - 15. Let v be r(6). Let x(s) = -56*s**2 - 65*s**2 - s + 120*s**2 + 0*s + 3. What is x(v)?
-9
Let u(x) = 0 - x + 6 - 2 - 5*x**2 + 9*x**3 + 8*x**2 - 8*x**3. Suppose 8 = -g + 5. Give u(g).
7
Suppose -2*n + 5*n = -4*k + 626, 0 = 3*n - k - 631. Let m = 221 - n. Let b(c) = -c + 5. Calculate b(m).
-6
Let w(d) = 5*d**2 - 14*d - 47. Let u(f) = -4*f**2 + 8*f + 50. Let i(n) = -4*u(n) - 3*w(n). Give i(-14).
-3
Let n = -1441016 - -1441020. Let a(b) be the third derivative of -b**5/60 + 5*b**4/24 - b**3/3 + b**2. Determine a(n).
2
Let u(v) = 1 - 152*v - 155*v - 157*v + 464*v - 2*v**2. Suppose 15 - 14 = k. What is u(k)?
-1
Let p(g) be the first derivative of -29 - 4/3*g**3 + 1/2*g**4 + 1/2*g**2 - g. What is p(3)?
20
Let j(x) = 13*x**2 + 175*x + 716. Let k(h) = 6*h**2 + 86*h + 357. Let m(t) = -7*j(t) + 15*k(t). Determine m(-5).
-7
Let k(c) = c**3 - 8*c**2 - 12*c + 14. Suppose 12*a - 82 = 61 - 35. Determine k(a).
-13
Let s(c) = 6*c**2 - 2*c + 1. Let o(v) = v**2 - 5*v + 11. Let r be o(3). Suppose 0*q + r*q - 20 = 0. Suppose -b = -q*y + 11, -4*b + 11 = b + 2*y. Determine s(b).
5
Suppose 13*t = 25*t - 60. Let b = 5 - 3. Let f(w) = -108*w**3 + t*w + 107*w**3 + 4 - 2*w**2 + 6*w**b. What is f(5)?
4
Suppose -7131*n + 7143*n = -120. Let t(z) = -z**3 - 9*z**2 + 11*z - 11. What is t(n)?
-21
Let n(r) = -11*r - 3. Let q(v) = -v**2 + 5*v - 7. Let z be q(3). Let y be (17/5 - (-57)/95)*z. Give n(y).
41
Let g(m) be the first derivative of -m**4/4 + m**3/3 - m**2/2 - 9*m - 1. Suppose -2*y + 4*y = -5*v - 787, -485 = 3*v - 2*y. Let d = v + 159. What is g(d)?
-9
Let p(r) = r**2 + 3*r + 1. Let y be ((-3)/(-3) - 2)*-4. Suppose 2*k - k = u - 4, 5*u + 16 = -y*k. Determine p(k).
5
Let m = 20288 - 20289. Let k(s) be the third derivative of 2*s**2 + 0 + 1/12*s**5 + 0*s + 1/24*s**4 + 1/6*s**3. What is k(m)?
5
Let t(a) = -71*a + 19*a - 10 + 20*a + 33*a. Calculate t(2).
-8
Let a(h) be the second derivative of -7*h**4/12 - h**3/2 - 750*h. Let s(u) = 2*u. Let t be s(-1). Determine a(t).
-22
Let h(t) = 8*t - 45. Let y be -4*63/21*(4 - 14/3). Calculate h(y).
19
Let l(k) = -k + 2. Let p(s) be the first derivative of -3*s**2/2 + 4*s - 36. Let f(h) = -4*l(h) + p(h). What is f(6)?
2
Suppose 16 = 3*n - 95. Let u = 37 - n. Let r be (u + 0 - (-6)/3) + -3. Let p(o) = 5*o. What is p(r)?
-5
Let q be (-30)/9*(-228)/(-190). Let d(r) = -10*r + 7. Calculate d(q).
47
Suppose 905*o - 890*o + 195 = 0. Let s(w) = w**2 + 12*w - 8. What is s(o)?
5
Let t(z) = -z**3 + 4*z**2 + 2*z - 1. Suppose -160 = 29*m + 11*m. Let q be (-8)/(-2)*(12/m + 4). Determine t(q).
7
Let w(p) = p**3 - 10*p**2 + 8*p - 5. Let d(n) = -2*n**2 + 22*n - 46. Let o be d(7). Determine w(o).
75
Suppose -204*m + 3586 = -215*m. Let q = -335 - m. Let h(b) = b**3 + 8*b**2 - 10*b - 5. Calculate h(q).
4
Let x(l) be the third derivative of -l**4/24 - 25*l**3/6 - 2*l**2. Let k = 42708 - 42723. What is x(k)?
-10
Let u(m) = 69*m + 2. Suppose -42*n + 29 = -71*n. What is u(n)?
-67
Let f(d) = -8*d**3. Let r(i) be the first derivative of 17 + 1/3*i**3 - 11*i - 1/2*i**2. Let o be r(4). What is f(o)?
-8
Let t(q) be the first derivative of -q**4/4 - 5*q**3/3 - q**2/2 - 3*q + 3. Let r = -8748 - -8743. Give t(r).
2
Suppose -f - 119 = -3*a, -4*a = 5*f - 124 - 60. Suppose -18*h = -59*h - a. Let m(g) = -17*g + 1. What is m(h)?
18
Suppose 1 = -2*p + 3*p. Suppose -5*t = 5*h - 9 - p, 0 = h - 4*t - 22. Let s be (12 - (h + -1)) + (0 - -1). Let c(r) = -2*r + 2. What is c(s)?
-14
Let s(l) = 5*l**2 + 57*l - 11. Let n(v) = -3*v**2 - 57*v + 11. Let r(a) = -6*n(a) - 5*s(a). Let f be r(8). Let i(u) = -u**2 - 6*u - 3. What is i(f)?
6
Suppose -4*b - 8 = -5*b. Let i(r) be the second derivative of -11/2*r**2 - 5/6*r**3 + 71 + 1/12*r**4 - r. Calculate i(b).
13
Let d(z) = -5*z**2 + 2*z + 1. Let c(j) = 27*j**2 - 7*j - 12. Let s(q) = c(q) + 5*d(q). Calculate s(0).
-7
Let p(o) be the second derivative of -137*o + 0 - 3*o**2 + 5/6*o**3. Calculate p(3).
9
Let f be 56/(-21)*(-1)/((-4)/(-9)). Let o(t) = -2*t - 7. Let c(n) = 12*n + 37. Let i(h) = 2*c(h) + 11*o(h). Give i(f).
9
Let s(m) = 3 + 1 - 8*m + 8*m**2 + 7*m + m**3 + 3*m. Let i be -1 + (-12 - 5) - -10. Determine s(i).
-12
Let t(f) = -f**2 - f + 41. Let w = -449 + -184. Let d = 633 + w. Give t(d).
41
Let f(v) be the first derivative of -v**2 - 10*v + 927. Determine f(3).
-16
Suppose 2*h + 5*b + 23 = 38, -3*b + 9 = -5*h. Let g(r) = h*r + 13*r - 2*r + 3*r - 3 - 4*r. Calculate g(3).
27
Let q(k) = -3 + 8 - 3 - 7 - 7*k**2 + 20*k. Let f(i) = -9*i**2 + 20*i - 4. Let n(b) = -3*f(b) + 4*q(b). Determine n(19).
11
Suppose 16 = -2*b - 2*i, 3*b - 2*b = -2*i - 10. Let q(s) be the third derivative of -s**4/6 + s**3 - s**2 - 542. Give q(b).
30
Let x(o) be the first derivative of -3*o**2/2 - 3*o - 242. Let z be -2*1*(0 + 2). Give x(z).
9
Let s(y) = 5*y**2 + 6*y - 4. Let w(p) be the first derivative of -3*p**3 - 11*p**2/2 + 8*p - 84. Let b(j) = -7*s(j) - 4*w(j). Let l = 3 + -6. What is b(l)?
-1
Let n be 165/66*(-18)/5. Let i(q) = q**3 + 8*q**2 - 11*q - 18. Give i(n).
0
Let c(q) = 7*q**3 - 14*q**2 + 7*q + 4. Let j(g) = -11*g**3 + 21*g**2 - 11*g - 6. Let y(s) = 8*c(s) + 5*j(s). Let l be ((-1620)/(-630))/(27/42). Determine y(l).
-42
Let m be (-6)/(-5)*(-40)/3. Let b be (-12)/(-8)*m/6. Let d(h) = 119271*h + 3 - 119267*h - 4 + 3*h**2. Give d(b).
31
Let l(j) = -j**2 - j + 44. Let y = -20432 + 20424. What is l(y)?
-12
Let l(d) = d + 26. Let n(j) = -j**3 + j**2 + 9*j - 4. Let u be n(3). Suppose 9*z + 8 = -u*s + 13*z, -2*s - z = -2. Determine l(s).
26
Suppose -v - 3*v + 152 = 2*m, 5*m + 3*v = 359. Let t be m/22 + 32/(-176). Let s(r) = -9*r**2 + 14*r**2 - 11*r**t - 4*r + 10*r**3. Determine s(5).
-20
Let m(o) be the third derivative of -o**4/24 - 2*o**3/3 - 2*o**2. Suppose 2*k - k = -5. Let y be 6/15 + 2/k. Give m(y).
-4
Suppose -j + 98 = t + 100, 5*t = -3*j - 2. Let w(k) = -k**3 - 4*k**2 + 3*k + 11. Determine w(j).
-1
Let r = -161 + 165. Let a(p) = 4*p**2 + p - 3. Let n(t) = -t**2. Let u(f) = -a(f) - 3*n(f). What is u(r)?
-17
Let a(l) = 2*l**3 + 4*l**2 + 45*l + 7. Let u(x) = -x**3 + 3*x**2 - 15*x - 1. Let c(s) = a(s) + 3*u(s). Suppose v = 5*v - 52. Determine c(v).
4
Let q(s) = s**2 + 4*s - 2. Let v(c) = -c**2 - 5*c + 2. Let i be (-4)/(-5) - (-22)/10. Let z(u) = i*q(u) + 4*v(u). Determine z(-8).
2
Let q(n) = 3*n**2 - 2*n - 36. Let z(f) = -f**3 - 22*f**2 + 169*f - 6. Let i be z(6). Calculate q(i).
-36
Let u(m) be the first derivative of -2*m**2 - 8*m + 430. Let i(t) = t. Let x be i(7). Let g(n) = -9*n - 16. Let o(b) = x*u(b) - 3*g(b). Give o(0).
-8
Let k(z) be the second derivative of -13 + 0*z**2 + 1/3*z**3 + 2*z + 1/12*z**4 - 1/10*z**5. What is k(2)?
-8
Let q(t) = 3*t**3 + 2*t + 5. Let w(v) = -v - 1. Let u(s) = q(s) + 4*w(s). Let h = 32157 - 32159. What is u(h)?
-19
Let m(d) = -3*d - 2. Let u(j) = -2*j